5 + 7205 - (-15 + (0 - 0 - (1 - 2)))
14
What is (25 - 0) + (18 - (-12 - -41)) - -3?
17
Calculate (-1 + -25 + 16 + 96 - 1) + 23.
108
(-95 - -47) + -31 + 137
58
Evaluate 21 - ((1 + 0 - -4) + 22).
-6
What is the value of -4 + -46 - 0 - (60 - 60)?
-50
(0 - 29) + (47 - 52) + (-5 - (13 + -16))
-36
Evaluate -5 - (18 - (-11 - -62)).
28
What is -10 - (-31 + (16 - 3)) - (-4 + (4 - 45))?
53
Evaluate -3153 - -3251 - (-1 - -173).
-74
What is -5 - (2 + 0 + (10 - 10) + 11 - -5)?
-23
-21 + -2 + -65 + -276 + 289
-75
58 + 8 - (1 + (-1 - (1 - 3)))
64
-5 + 39 + 18 + -48 + 0 + -52 + 11
-37
Calculate -20 + 19 - -15 - 72.
-58
Calculate ((-3 - -6) + 1 - -8 - (-901 - -945)) + -12.
-44
What is the value of 0 + ((-39 - -4) + 9 - 15)?
-41
Evaluate -5 + 129 - (-4059 + 4278).
-95
Calculate -19 + 110 + (-2 - (-10 - (12 - 17))).
94
Calculate -16 + (17 - 12) - (-124 - -118).
-5
0 + 11 + 17037 + -17039
9
Calculate 16 - (-5 + 1) - (-3 - (1 + (7 - 0))).
31
Calculate -12 - (19 + -15) - 2 - -9.
-9
Calculate 16 + 1 - (574 + -549).
-8
What is the value of 90 - (118 + -259 + 130)?
101
-132 + 87 + -105 + -6 + 43
-113
What is the value of 4 - (1 - -14 - (260 + -270))?
-21
(1214 + -1221 - (72 + -2 - -1)) + -16
-94
What is the value of -5 + 2 - 4 - -2 - (-214 - -170)?
39
What is -70 + -3 - (11 + -29 + 12 + -10)?
-57
Calculate 1047 + -1057 + (71 - (-3 - (-6 + 5))).
63
Evaluate (-1 - 0) + -1 + -55 + 18 + 28 - 57.
-68
Evaluate -44 - (-50 - (39 + -63)).
-18
Calculate 2 + 6 - -1 - (129 - (-9 + -5 + -1)).
-135
Calculate (1 + 30 - (-12 - (7 + -7))) + 1.
44
What is -59 + ((13 - 12) + -5 - (-16 - -8) - -1)?
-54
Evaluate 31 - 1 - (-2 - -25 - 37).
44
-13 + 25 + (-22 - 22) - 17
-49
Evaluate 15 + (-19 - -23) + (-10 - 4) + 32.
37
Evaluate 119 - (215 - (149 + -85)).
-32
22 - ((-26 - (-20 - -7) - -19) + -1)
17
What is the value of 7 + (10 - 68) + 79?
28
Evaluate 44 - (41 + -9 + -13 - (4 - -8) - 9).
46
7 + -6 - 2 - (16 + -2 + -27)
12
What is the value of -106 - (-1 + 22 - (28 - (-129 - -139)))?
-109
Calculate -4 + (30 + 37 + 23 - (15 - (2 - -1))).
74
(-5 - (1 + -5) - 10 - (-48 - -1)) + -10
26
What is 61 - (-18 + -22 - -76)?
25
Calculate (52 - 47 - (5 - (-3 + -1))) + -70.
-74
What is the value of 3 + 76 + 0 - (2 + -8 - 2) - -14?
101
28 + -41 + -66 + (5 + -1 - (-41 - -46))
-80
What is the value of -685 + 720 + -1 + -8 - 17?
9
What is the value of 29 + (-36 - (30 + -31))?
-6
Calculate 68 - (38 + 30 + -58 + -6).
64
Evaluate 4 + -14 + 28 + (-9 - 8) + 18.
19
Calculate -2219 - -2249 - (0 + 27).
3
5 - (-29 - (-11 - 17)) - (-1 + 24)
-17
Calculate (-122 - -117) + -1 + -22 + 87.
59
What is the value of 40 + -6 - (45 - -11)?
-22
77 + (11 - (20 + 10 - 28))
86
What is the value of 91 + -59 - 41 - (-22 + -2 + -1)?
16
Calculate -10 + (0 + -13 + 17 - 8) - -44.
30
-8 - (-7 + (6 + -6 - (12 - (-7 + 7))))
11
What is 5 - (11 - (-10 + 5 + 72) - 2)?
63
Evaluate -55 + (169 - (-68 - -137)).
45
Calculate -27 + (13 - 10) + 4 + -10.
-30
Calculate (20 - 70) + 6 + 1 + 31 + 16 + -43.
-39
What is the value of (-6 - 8) + 1 + (110 - 82)?
15
10 + 3 - (-14 - -63 - (-55 + 11))
-80
Calculate (2 + 0 - 22) + (1108 - 1126).
-38
Calculate 0 + 8 + 16 + -9 + 4 + 19 + 3.
41
Evaluate -5 - (-7 + 4 + 0) - (1217 - 1164).
-55
Evaluate -103 + 193 + -106 + -41.
-57
What is -52 + 23 + 69 - (3 - 39)?
76
-2 + (-7 + 5 - 2 - (-60 - -49)) + -71
-66
Calculate (-69 - -55) + (-5 - -7 - -106 - 0).
94
Calculate (-25 + 1 - (940 + -948)) + -62 + -15.
-93
What is the value of 29 + -5 + -2 + (76 - 68)?
30
What is the value of -26 - (43 + -46 + 7)?
-30
What is the value of -8 + (40 - 42) - -14?
4
What is the value of (-870 + 833 - (1 - 8)) + 22?
-8
Evaluate 7 + (-18 - (-4 + -20)) + (-56 - 6 - -9).
-40
What is the value of 62 - (110 - (-91 - -64))?
-75
Calculate 16 + (69 - 134) + -17.
-66
What is the value of (-1 - (0 - -11)) + (-441 - -508) + (-6 - 70)?
-21
Calculate -191 - -68 - -101 - 106.
-128
What is -4 - (-108 + 14 + -36 + 51)?
75
5 - (-2 + 104) - (-8 - -7 - (-12 - 2))
-110
Calculate -5 + 8 + 5 + (-2 - 0) - 5.
1
Evaluate -1 - 97 - (1513 + -1591).
-20
What is the value of 11 + -10 + -15 + -11 + 9?
-16
Calculate 9 - -1 - (823 + -711).
-102
What is the value of (-31 - (-47 + 15)) + -1 + (2 - 47) - 4?
-49
-52 - (1 - -1 - (423 + -430) - (2 + 11))
-48
Evaluate (-148 - -102 - 32) + 87.
9
Evaluate -3 + 3 - (135 - 102) - 26.
-59
0 + -1 + -47 + 35 + 16 + -48
-45
9 + (249 - 139 - 25)
94
Evaluate 1939 + -1905 - (0 + 37).
-3
What is the value of 12 - -25 - (607 + -468)?
-102
Evaluate (-38 - (79 + -13)) + 32 + -11.
-83
Evaluate (67 + -7 - -15) + -95.
-20
Evaluate -18 + 32 + -25 - -50.
39
4 + -20 + 8 + 31 + -72
-49
What is the value of -1117 + 1116 - (-4 + 3 + -3 + -3)?
6
Evaluate (-21 + -17 + 8 - -24) + (-5 - (-5 - -69)).
-75
Calculate 329 - 320 - (6 + -38 + (-2 - (2 - 2))).
43
What is the value of 8 + -6 + (-10 - 21)?
-29
What is 29 + (40 - (45 + 14))?
10
Evaluate 9 + (-63 - (-2 - 26)).
-26
-71 - -1 - -29 - -43
2
Evaluate (1356 - 1355) + -120 + -2 + -19 + 19.
-121
Evaluate 29 + 54 + (-98 - -23).
8
-19 - (-30 + (-24 - -31 - -13))
-9
Evaluate 6 - ((28 + -17 - (2 - -9)) + -12).
18
1 - 61 - (-18 + -15 + 6 + (12 - -16))
-61
What is -12 + (10 - 61 - -32) + -62?
-93
24 + -5 + (-83 - -82) + 20
38
What is -284 + 55 - (-56 + -61)?
-112
Calculate -6 + 5 + -2 + -43 + -8 + -15 + 12.
-57
Evaluate -133 - -180 - (8 + 1 + -1).
39
What is the value of 53 + (3 - (-23 + (10 - (-3 + -10))))?
56
What is the value of -14 + (63 - (3 + (0 - (4 - -3))))?
53
Calculate 17 - (-19 + 10 + 12) - -5.
19
Calculate -10 + ((-6 - -7 - 11) + (2 - -3) - -153).
138
What is the value of 41 + (-30 - -62) + -2 + -23?
48
(4 + -13 - (-8 + 8)) + -5 - (-17 - -9)
-6
Calculate (-37 - (-32 + 38)) + 9 + (-3 - 8 - -1).
-44
What is 13 + -4 - 1 - (267 + -254)?
-5
27 - ((66 - 4) + (296 - 257))
-74
What is 8 + (4 - 4 - -6) - (-43 - -50)?
7
Evaluate -2 + (-1 - 8) - ((-114 - -238) + -123).
-12
Evaluate -8 + (15 + -7 + -8 + 23 + -17 - 7).
-9
What is the value of 30 + -73 + 81 - 38?
0
What is 6 + 142 + -2 + (-230 - -199)?
115
Calculate -10 + 0 + (-148 - -100) + 12 + -7.
-53
Calculate -23 + 16 + 21 + -21 - 19.
-26
Evaluate 2 + 0 + 139 + -11 + -179.
-49
Calculate -41 - (-55 + 93 + -50 + 2 + -1).
-30
Calculate -10 + -3 - (-111 - -247 - 91).
-58
4 - (10 - (3 - 3)) - (0 - 3 - -51)
-54
Evaluate (20 - (123 - 18)) + 70.
-15
-68 + 48 + -22 + 7
-35
What is the value of (-40 - -13) + -13 - -67?
27
What is 87 - ((-64 - -87) + -77)?
141
Calculate -8 + 7 + (20 - (10 + 16)).
-7
Calculate -29 + 38 - (328 + -265).
-54
Calculate 106 + -2 - (1 + -14 + 586 + -564).
95
Evaluate 7 - (-22 - -147) - -137.
19
Calculate (35 - 52) + 2 + (1 - 14 - 4) + 4.
-28
What is -9 - (10 + 3 + (-12 + -15 - -20) - 104)?
89
What is the value of -23 - (-292 + 228 + 0 + 3)?
38
What is the value of -13 + 1 + 305 + -264 - -10?
39
What is the value of -18 - (-6 + 9) - (-8 + -37)?
24
Calculate (-23 - -98 - 32) + 7.
50
14 + -4 + (-2 - -5 - 0) + (30124 - 30114)
23
Calculate (4 - -2) + (3 - -4) + 5 + (-31 - -8).
-5
What is (-28 - (-8 + 4)) + 37 + 12?
25
-6 - -1 - (392 + -382)
-15
0 + -1 + -31 + 10 + 18 + -6 + 41
31
Calculate (17 - 20) + 12 + 79.
88
Calculate (82 + -44 - 77) + 25 + (0 - 39 - 3).
-56
Evaluate (10 - (-1 + -3 - (16 + -2))) + -14.
14
What is the value of -6 + (-8 - 5) - -11 - 15 - 4?
-27
Calculate -1 - (3 + -26 + -7 + 48).
-19
What is the value of -78 + (47 + -91 - -63)?
-59
What is the value of -101 + 8 - -14 - 2 - (4 - (-14 + 8))?
-91
Evaluate (98 + -29 - 11) + (-5 - -9).
62
Evaluate 26 + 29 + -64 - (21 + -7).
-23
What is the value of -11 + 15 + -22 + 19 - -34?
35
Calculate 1 + 1 + -113 + 104 + (27 - 0).
20
What is (-2 - -2) + -12 + 2 - (-117 - -102) - 9?
-4
Evaluate 58 + 3 + -1 - (735 + -733).
58
What is -3987 + 3941 - (-49 + 0)?
3
Calculate -2 + (-57 - ((0 - 14) + -112 + 126)).
-59
What is the value of (-2157 - -2038) + -7 + 132?
6
-3 + 1 + 95 + (33 - (43 + 2)) + 0
81
Evaluate -75 - (30 + 78 + -94).
-89
What is the value of 50 + (35 - ((28 - 39) + 23))?
73
19 - (-66 + 35) - 91
-41
What is 72 - (-76 - (-26 + -175))?
-53
Calculate 1 + 1 + 62 + (-1134 - -1115).
45
Calculate (-379 - -405) + 0 + -84.
-58
Evaluate 242 + -136 - (-1 - -154).
-47
What is (-64 - (-11 + -34)) + -25?
-44
What is 117 + -91 - ((164 - 2) + 1)?
-137
What is the value of (-39 - 5) + (-38 - (-31 - -23)